135 + -119)/(0 - -1). Determine w(b).
18
Let h be (26/(-16) - -2) + 1/((-8)/(-205)). Let y(r) = -r**3 + 29*r**2 - 78*r + 1. Give y(h).
1
Let f(g) = g**3 + 14*g**2 + 25*g + 24. Let t be 8/20*(-20)/1 - (87 + -84). What is f(t)?
112
Suppose -3*b - 3*b + 30 = 0. Let r(a) = a**3 - 8*a**2 + 9*a - 1. Let g be r(b). Let f = -35 - g. Let p(h) = -h**2 - h + 5. What is p(f)?
-7
Let n(i) = 13*i + 206. Let c = -857 + 842. Let g be n(c). Let q(b) = -b**3 + 10*b**2 + 13*b - 6. Give q(g).
16
Let m be (-47)/1*3/(-3). Suppose -p = -m + 50. Let f(v) be the second derivative of -v**5/20 - v**4/4 - v**3/6 + v**2/2 + 6*v. Determine f(p).
4
Let r(v) be the second derivative of -v**6/720 + v**5/15 + v**4/6 - 31*v**2 - 102*v + 2. Let y(g) be the third derivative of r(g). Calculate y(10).
-2
Suppose -7*g - 10 = -2*k - 3*g, -3*g - 30 = k. Let q(c) = 7*c + 46. Give q(k).
-17
Let m(r) be the second derivative of -r**4/12 - 2*r**3 - 5*r**2 + r. Suppose 0 = 4*x + 5*w + 36, 45 = -151*x + 146*x - 4*w. What is m(x)?
17
Let r(l) = -2*l**2 - 12*l. Suppose -13*h - 2*v = -10*h + 11, -4*h - 5*v = 3. Calculate r(h).
-14
Let o(h) = -28*h**3 - 35*h**3 - 64*h**3 + 153*h**3 + 7*h - 5*h**2 - 27*h**3 + 5. Let r = -4 - 2. Give o(r).
-1
Let c(v) = -v**2 - 17*v + 23. Let g = -345 - -349. Let p be (4 + 80/(-15))/(g/54). Give c(p).
5
Suppose 2*p - 6*p + 2*p = 0. Suppose -8*w + 10*w + 1 = -3*i, 3*w - i + 18 = p. Let r(z) = z**3 + 4*z**2 - z + 6. Calculate r(w).
-14
Let f(q) = 3*q**2 + 7*q. Let p = -235 - -235. Let h be f(p). Let x(v) = v + 21. Give x(h).
21
Let m(o) = -3. Suppose 13*v - 16*v = -3. Let s(r) = 4*r + 3. Let k(h) = v*s(h) + 2*m(h). What is k(-5)?
-23
Let v(w) = 14*w - 6 + 3*w**2 - 4*w - 4*w**2. Let g(j) = -3*j - 27. Let l be g(-5). Let a be 9/(-3)*40/l. Give v(a).
-6
Suppose w + w - 3*o + 4 = 0, 4*o = 2*w + 6. Let a(t) = -46*t + 27. Calculate a(w).
-19
Let c(v) be the third derivative of -25*v**4/24 - 233*v**3/6 - 19*v**2 + 3*v - 1. Give c(-9).
-8
Let q(g) = 20*g - 52. Let i be q(3). Let l(a) = -30 - i*a**2 + 7 + 11 + 2*a + 13. What is l(-1)?
-9
Let a be (-12)/(6/4 + 0). Let j(f) be the second derivative of -f**4/12 - 3*f**3/2 - 13*f**2/2 + 22*f + 9. Determine j(a).
-5
Let u = 30 - 24. Let m(t) = -t - 10*t + 2 + u*t + 10*t. Suppose 29*n = 78*n + 98. Give m(n).
-8
Let a(y) be the first derivative of 2*y**3/3 - y**2 - 1055. Give a(-2).
12
Let w(n) = 1 - 4 + 3*n - 10*n + 32. Let m(f) = 36*f - 146. Let d(u) = 2*m(u) + 11*w(u). Determine d(4).
7
Let m(l) be the second derivative of -l**3/2 - 91*l**2/2 - 4777*l. Calculate m(-27).
-10
Let q = 68 + -63. Suppose q*n = -5*n - 60. Let z(t) = t**3 + 7*t**2 + 9*t + 8. Give z(n).
-10
Let m = -80 - -85. Suppose 2*r = 8, m*c + 5*r - 8*r = -92. Let q be (-24)/c + (21/(-2))/3. Let y(f) = 5*f - 1. Give y(q).
-11
Let n be (-1)/(-4)*-2 - (-2520)/(-112). Let k(u) = -u**2 - 24*u - 18. Calculate k(n).
5
Let h(p) = 0*p**3 + p**3 + 7*p**2 + 6*p + 7 + 0*p**3. Let w(y) = 19 - 1214*y + 594*y + 595*y. Let x be w(1). What is h(x)?
7
Let z(b) = 25*b**3 - 18*b**2 + 7*b - 20. Let i(h) = 22*h**3 - 17*h**2 + 6*h - 19. Let m(r) = 8*i(r) - 7*z(r). Calculate m(10).
-22
Let d be (-6 + 416/(-36))*-9. Let r = -155 + d. Let y(h) = -3*h**2 + 1. Let z(f) = -7*f**2 - f + 3. Let n(o) = -5*y(o) + 2*z(o). Give n(r).
4
Let b(s) = -335*s - 230. Let v(y) = -75*y - 57. Let i(n) = 2*b(n) - 9*v(n). Give i(-13).
-12
Let u be 18/4*12/9. Suppose 167 - 447 = -20*r. Suppose 4*g = -r - u. Let k(q) = -q**3 - 6*q**2 - 5*q + 1. What is k(g)?
1
Let y(b) = 56*b**2 + 6*b + 10. Let h be y(-2). Let l = h + -221. Let z(m) = 4*m**2 - 1. Give z(l).
3
Let s(v) = -v**2 + 7*v - 22. Let i be (-29)/((-319)/(-3)) + ((-58)/11)/(-1). What is s(i)?
-12
Let f(b) = 38*b + 229. Let w = 24876 + -24882. Calculate f(w).
1
Let v = -11380 - -11390. Let u(o) = o - 41. Calculate u(v).
-31
Let k(n) = n**2 - 2*n - 4. Let c(m) = -9*m**2 + 9*m - 4. Let x(q) be the first derivative of q**4/4 + 3. Let g(u) = c(u) + x(u). Let r be g(8). Calculate k(r).
4
Let b(y) be the third derivative of -2*y**4/3 + 29*y**3/6 - y**2 + 553. Determine b(2).
-3
Let p = -731 - -714. Let x(v) = -v - 34. Give x(p).
-17
Let t be 0/(0 - -2)*(174/12 + -14). Let v(s) be the third derivative of 0 - 1/6*s**3 + t*s - 29*s**2 - 1/6*s**4. Give v(3).
-13
Let g(i) = i - 1. Suppose 0 = -5*z + 5 + 425. Suppose -4*b = -4*r + z + 26, 0 = -b - 4*r - 23. Let x be (-36)/b*18/4. Calculate g(x).
5
Suppose 8 = 69*u + 505 - 14. Let m(j) = 3*j**3 + 21*j**2 + 5*j + 22. What is m(u)?
-13
Suppose 2*h = -3*w - 7 + 37, -4*w = -5*h - 63. Let t(b) = -b**3 + 13*b**2 - 8*b - 8. Calculate t(w).
40
Let m(l) = 2*l + 20. Let u(q) = -q - 11. Let s(p) = -3*m(p) - 5*u(p). Let k(f) = 5*f + 21. Let d(j) = -2*k(j) - 9*s(j). Calculate d(4).
-1
Let f(b) = -3*b**2 + 10. Let z(q) = 13*q**2 - q - 74. Let l(s) = -6*f(s) - z(s). What is l(4)?
98
Let v(i) be the third derivative of i**8/20160 - 13*i**7/5040 - i**6/720 + 13*i**5/10 - i**2 - 13*i. Let c(j) be the third derivative of v(j). Give c(13).
-1
Let a(k) = -2*k**2 + k + 2. Suppose 0 = -21*d + 7*d + 784. Let x be (5 - 2)*d/24. Suppose -3*q = -2*j - 3, -x*q - 3 = -2*j - 6*q. What is a(j)?
-13
Let d be 2*1/(-4) + (-9 - (-232)/16). Let l(i) = i**2 + 5*i + 10. What is l(d)?
60
Let m(y) be the second derivative of -7*y**3/6 - y**2/2 + y. Let d(b) be the third derivative of -7*b**4/24 - 25*b**3/3 + 3*b**2 - b. Let k be d(-7). Give m(k).
6
Let g(l) be the third derivative of l**6/120 + 11*l**5/60 + l**4/12 + 10*l**3/3 + 3385*l**2 + 2. Give g(-11).
-2
Let h(g) = -4*g + 9. Let a be h(-3). Suppose 4*d + 31 = 4*s - a, 4*s = -3*d + 59. Let b(x) = 7*x + 6*x + 2*x**2 - 1 - x**3 + 2*x**2 - s*x. What is b(2)?
5
Let t(k) be the first derivative of k**2 + 3*k + 8194. Give t(26).
55
Let r(w) = -11*w**3 - 3*w**2 + 9*w + 15. Let z(m) = -9*m**3 - 5*m**2 + 10*m + 14. Let o(t) = 4*r(t) - 5*z(t). Determine o(-14).
-10
Let a = 4 - 0. Let v(s) = s**3 + a + 25 - 2*s**3. Let y = -1730667 - -1730667. Determine v(y).
29
Let y(m) = 9*m + 4. Let f be (-3 + 1 + 2)/(-1). Let x be y(f). Suppose 2*b + x*r + 16 = -0*r, -4*b + 4*r = 20. Let d(g) = -g**3 - 7*g**2 - 7*g - 9. Give d(b).
-3
Let c(q) be the first derivative of -q**3/3 + q**2/2 - 39*q + 287. Determine c(0).
-39
Let a(n) = -2*n**3 - 6*n**2 - 4*n - 5. Let d(o) = -o**3 - o**2 - o - 1. Let t(x) = -a(x) + 3*d(x). Let c(z) = -9*z**2 + 24*z - 8. Let q be c(2). Calculate t(q).
-10
Let h(n) = 15*n - 1144. Let u be h(77). Let q(k) = -2*k**2 + 16*k - 5. Calculate q(u).
-71
Let a(q) = -3*q - 7 + 2*q - 1. Suppose 0 = 4*x - 5*l + 5 - 30, -3*x - 5*l = 25. Suppose x = -v + y - 6 - 3, 22 = -3*v - 2*y. Calculate a(v).
0
Let u(c) = c. Let m(o) = -o - 4. Let d be m(-11). Let a(w) = -10*w + 0*w + 5*w + d*w + 5. Let v(x) = -a(x) - u(x). Calculate v(-4).
7
Let f(m) be the first derivative of 5/2*m**2 + 0*m + 35. Determine f(-2).
-10
Let y(p) be the third derivative of -p**5/60 - p**4/12 + 5*p**3/2 - 5*p**2 - 6*p. Give y(7).
-48
Suppose -4*i = -8*i - 4. Let k(y) be the second derivative of -10*y - 1/12*y**4 + 0*y**3 + 0*y**2 + 0 + 1/20*y**5. Give k(i).
-2
Let k(d) = -4*d + 13. Suppose 0 = -13*m + 8905 - 8801. Calculate k(m).
-19
Let k = 3 + -1. Let o(x) = k*x**3 + 7 - 5*x**2 - 2*x**2 - x**3 - x**2 - 10*x. Suppose 3401*w = 3393*w + 72. Give o(w).
-2
Let x(p) = 6*p**2 - 6*p**2 + 10*p - 4*p**2 - 2*p**3 + 0*p**2 - 8*p + 8. Determine x(-2).
4
Let k = 0 - -8. Suppose -k*q = 84 - 28. Let v(o) = o**2 + 7*o + 6. Let m be v(q). Let t(j) = -j**2 + 8*j - 4. Determine t(m).
8
Let g(l) = -38 + 30 - 7*l - 46 - 6*l + 16*l. What is g(0)?
-54
Let y(a) = -a**2 - 2*a + 4. Let v be y(-4). Let s be 6/2*(3 + -6 - v). Let p(q) = 0*q**2 + q**2 - s*q**2 - 4*q. Calculate p(-3).
-6
Let a be 3/60*(-2)/(-14)*(-49)/(-42). Let p(c) be the third derivative of -5/6*c**3 + 26*c**2 + 0*c + 1/3*c**4 + 1/6*c**5 + a*c**6 + 0. Calculate p(-9).
4
Let r(c) = -c**2 + 12*c - 16. Let a(p) = -p**3 - 11. Let u be a(0). Let m be (4 + -2 - 3)*u. Calculate r(m).
-5
Let r(p) = 3*p**2 - p - 2. Let l be 0/(-6*(-1)/2). Let s(c) = 10 + l + c - 7 + c - 5*c**2. Let k(u) = 7*r(u) + 4*s(u). Calculate k(-3).
4
Let f(q) = -q**3 - 11*q**2 + 23*q - 37. Let a be f(-13). Let s(i) be the first derivative of -1/2*i**a - 11 + i. Give s(1).
0
Let z(r) = 25*r - 81. Let h(i) = 139*i - 404. Let a(b) = 2*h(b) 